{"id":31,"date":"2015-10-21T12:34:01","date_gmt":"2015-10-21T12:34:01","guid":{"rendered":"http:\/\/test.kriesi.at\/construction\/?page_id=31"},"modified":"2025-06-01T07:16:36","modified_gmt":"2025-06-01T05:16:36","slug":"company","status":"publish","type":"page","link":"https:\/\/blstaw.at\/?page_id=31","title":{"rendered":"Team"},"content":{"rendered":"<div id='full_slider_1'  class='avia-fullwidth-slider main_color avia-shadow   avia-builder-el-0  el_before_av_section  avia-builder-el-first   container_wrap sidebar_right'  ><div  class='avia-slideshow av-o8qrv-6534afbcf15590b9ea95a3711ee0200f av-control-hidden avia-slideshow-featured av_slideshow_full avia-fade-slider av-default-height-applied   avia-slideshow-1'  data-size='featured'  data-lightbox_size='large'  data-animation='fade'  data-conditional_play=''  data-ids='299'  data-video_counter='0'  data-autoplay='true'  data-bg_slider='false'  data-slide_height=''  data-handle='av_slideshow_full'  data-interval='5'  data-class=''  data-extra_class=' '  data-el_id=''  data-css_id=''  data-scroll_down=''  data-control_layout='av-control-hidden'  data-custom_markup=''  data-perma_caption=''  data-autoplay_stopper=''  data-image_attachment=''  data-min_height='0px'  data-lazy_loading='disabled'  data-default-height='28.666666666667'  data-stretch=''  data-src=''  data-position='top left'  data-repeat='no-repeat'  data-attach='scroll'  data-img_scrset=''  data-av-desktop-hide=''  data-av-medium-hide=''  data-av-small-hide=''  data-av-mini-hide=''  data-id=''  data-custom_class=''  data-template_class=''  data-av_uid='av-o8qrv'  data-sc_version='1.0'  data-heading_tag=''  data-heading_class=''   itemprop=\"image\" itemscope=\"itemscope\" itemtype=\"https:\/\/schema.org\/ImageObject\" ><ul class='avia-slideshow-inner ' style='padding-bottom: 28.666666666667%;'><li  class='avia-slideshow-slide av-o8qrv-6534afbcf15590b9ea95a3711ee0200f__0  av-single-slide slide-1 ' ><div data-rel='slideshow-1' class='avia-slide-wrap '   ><div class='av-slideshow-caption av-o8qrv-6534afbcf15590b9ea95a3711ee0200f__0 caption_fullwidth caption_left'><div class=\"container caption_container\"><div class=\"slideshow_caption\"><div class=\"slideshow_inner_caption\"><div class=\"slideshow_align_caption\"><h2 class='avia-caption-title '  itemprop=\"name\" >Dauerhafter Erfolg ist nur im Team m\u00f6glich<\/h2><\/div><\/div><\/div><\/div><\/div><img decoding=\"async\" class=\"wp-image-299 avia-img-lazy-loading-not-299\"  src=\"https:\/\/blstaw.at\/wp-content\/uploads\/2022\/05\/Team-photocasepc_Tauziehen_2-1500x430.jpg\" width=\"1500\" height=\"430\" title='Team photocasepc_Tauziehen_2' alt=''  itemprop=\"thumbnailUrl\" srcset=\"https:\/\/blstaw.at\/wp-content\/uploads\/2022\/05\/Team-photocasepc_Tauziehen_2.jpg 1500w, https:\/\/blstaw.at\/wp-content\/uploads\/2022\/05\/Team-photocasepc_Tauziehen_2-300x86.jpg 300w, https:\/\/blstaw.at\/wp-content\/uploads\/2022\/05\/Team-photocasepc_Tauziehen_2-1030x295.jpg 1030w, https:\/\/blstaw.at\/wp-content\/uploads\/2022\/05\/Team-photocasepc_Tauziehen_2-768x220.jpg 768w, https:\/\/blstaw.at\/wp-content\/uploads\/2022\/05\/Team-photocasepc_Tauziehen_2-705x202.jpg 705w\" sizes=\"(max-width: 1500px) 100vw, 1500px\" \/><\/div><\/li><\/ul><\/div><\/div>\n<div id='av_section_1'  class='avia-section av-m856z-d5380f55f3ea7884114eb4aef003dd8d main_color avia-section-large avia-no-border-styling  avia-builder-el-1  el_after_av_slideshow_full  avia-builder-el-last  avia-bg-style-scroll container_wrap sidebar_right'  ><div class='container av-section-cont-open' ><div class='template-page content  av-content-small alpha units'><div class='post-entry post-entry-type-page post-entry-31'><div class='entry-content-wrapper clearfix'>\n\n<style type=\"text\/css\" data-created_by=\"avia_inline_auto\" id=\"style-css-av-lzbiv-19dfdc77dd35aaac78567795a25c5238\">\n#top .av-special-heading.av-lzbiv-19dfdc77dd35aaac78567795a25c5238{\npadding-bottom:0px;\n}\nbody .av-special-heading.av-lzbiv-19dfdc77dd35aaac78567795a25c5238 .av-special-heading-tag .heading-char{\nfont-size:25px;\n}\n.av-special-heading.av-lzbiv-19dfdc77dd35aaac78567795a25c5238 .av-subheading{\nfont-size:15px;\n}\n<\/style>\n<div  class='av-special-heading av-lzbiv-19dfdc77dd35aaac78567795a25c5238 av-special-heading-h2 blockquote modern-quote modern-centered  avia-builder-el-2  el_before_av_hr  avia-builder-el-first '><h2 class='av-special-heading-tag'  itemprop=\"headline\"  >Unser Team<\/h2><div class=\"special-heading-border\"><div class=\"special-heading-inner-border\"><\/div><\/div><\/div>\n\n<style type=\"text\/css\" data-created_by=\"avia_inline_auto\" id=\"style-css-av-l7spf-37eed20e6f3acc6407524ef09dea802d\">\n#top .hr.av-l7spf-37eed20e6f3acc6407524ef09dea802d{\nmargin-top:5px;\nmargin-bottom:75px;\n}\n.hr.av-l7spf-37eed20e6f3acc6407524ef09dea802d .hr-inner{\nwidth:50px;\nborder-color:#efbb20;\n}\n<\/style>\n<div  class='hr av-l7spf-37eed20e6f3acc6407524ef09dea802d hr-custom  avia-builder-el-3  el_after_av_heading  el_before_av_one_third  hr-center hr-icon-no'><span class='hr-inner inner-border-av-border-fat'><span class=\"hr-inner-style\"><\/span><\/span><\/div>\n\n<style type=\"text\/css\" data-created_by=\"avia_inline_auto\" id=\"style-css-av-kivpr-8ea3fcbdd640149b8b99b693b08ac8ef\">\n.flex_column.av-kivpr-8ea3fcbdd640149b8b99b693b08ac8ef{\nborder-radius:0px 0px 0px 0px;\n-webkit-border-radius:0px 0px 0px 0px;\n-moz-border-radius:0px 0px 0px 0px;\n}\n<\/style>\n<div class='flex_column av-kivpr-8ea3fcbdd640149b8b99b693b08ac8ef av_one_third  avia-builder-el-4  el_after_av_hr  el_before_av_one_third  first flex_column_div  av-animated-generic bottom-to-top av-zero-column-padding '   ><section  class='avia-team-member av-l2q306sg-417365029ff0754907f44ac730663050  avia-builder-el-5  avia-builder-el-no-sibling '  itemscope=\"itemscope\" itemtype=\"https:\/\/schema.org\/Person\" ><div class=\"team-img-container\"><img decoding=\"async\" class='wp-image-310 avia-img-lazy-loading-not-310 avia_image avia_image_team' src=\"https:\/\/blstaw.at\/wp-content\/uploads\/2022\/05\/koegl-557.jpg\" alt='Alfred K\u00f6gl'  itemprop=\"image\"   height=\"197\" width=\"260\" \/><\/div><h3 class='team-member-name '  itemprop=\"name\" >Alfred K\u00f6gl<\/h3><div class='team-member-job-title '  itemprop=\"jobTitle\" >Obmann | Gemeinderat<\/div><div class='team-member-description '  itemprop=\"description\" ><p>Ich bin verheiratet, Familienvater, 4 Kinder, Bauer.<br \/>\nWir haben 2015 die B\u00fcrgerliste gegr\u00fcndet, um alte Parteistrukturen aufzubrechen und einen frischen Wind und mehr Transparenz in die Gemeindepolitik zu bringen. <\/p>\n<p>Mein pers\u00f6nliches Wahlziel:<br \/>\n<b>Ein Miteinander im Gemeinderat, aber kein Komparse mehr zu sein.<br \/>\nIch m\u00f6chte f\u00fcr uns Alle arbeiten, f\u00fcr ein sch\u00f6nes und besseres Sankt Andr\u00e4 W\u00f6rdern!<\/b><\/p>\n<\/div><span class='hidden team-member-affiliation'  itemprop=\"affiliation\" >B\u00fcrgerliste STAW<\/span><\/section><\/div>\n<style type=\"text\/css\" data-created_by=\"avia_inline_auto\" id=\"style-css-av-2sk5v-f47ccb79268569f0322a5184be6f7f6e\">\n.flex_column.av-2sk5v-f47ccb79268569f0322a5184be6f7f6e{\nborder-radius:0px 0px 0px 0px;\n-webkit-border-radius:0px 0px 0px 0px;\n-moz-border-radius:0px 0px 0px 0px;\n}\n<\/style>\n<div class='flex_column av-2sk5v-f47ccb79268569f0322a5184be6f7f6e av_one_third  avia-builder-el-6  el_after_av_one_third  el_before_av_one_third  flex_column_div  av-animated-generic bottom-to-top av-zero-column-padding '   ><section  class='avia-team-member av-l2q34d8d-641fd685fff809f03e84839c05a39c1f  avia-builder-el-7  avia-builder-el-no-sibling '  itemscope=\"itemscope\" itemtype=\"https:\/\/schema.org\/Person\" ><div class=\"team-img-container\"><img decoding=\"async\" class='wp-image-290 avia-img-lazy-loading-not-290 avia_image avia_image_team' src=\"https:\/\/blstaw.at\/wp-content\/uploads\/2022\/05\/555.jpg\" alt='Dieter Gilnreiner'  itemprop=\"image\"   height=\"197\" width=\"260\" \/><\/div><h3 class='team-member-name '  itemprop=\"name\" >Dieter Gilnreiner<\/h3><div class='team-member-description '  itemprop=\"description\" ><p>Mein Herz sch\u00e4gt f\u00fcr unsere kleine \"Bergwelt\" in Kirchbach und Hintersdorf. Ich bin in unserer Gemeinde aufgewachsen, bin Angestellter in der Chemischen Industrie und betreibe eine Landwirtschaft, die ich von meinen Eltern \u00fcbernommen habe. Ich habe mich von Anfang an f\u00fcr die B\u00fcrgerliste engagiert, weil ich unsere Gemeinde lebenswert und zukunftsfit erhalten will, Daf\u00fcr sehe ich die B\u00fcrgerliste als beste M\u00f6glichkeit, weil wir viele unterschiedliche K\u00f6pfe haben.<\/p>\n<\/div><span class='hidden team-member-affiliation'  itemprop=\"affiliation\" >B\u00fcrgerliste STAW<\/span><\/section><\/div>\n<style type=\"text\/css\" data-created_by=\"avia_inline_auto\" id=\"style-css-av-21q9n-83221b75dc7dd861a981ebaf5e54052a\">\n.flex_column.av-21q9n-83221b75dc7dd861a981ebaf5e54052a{\nborder-radius:0px 0px 0px 0px;\n-webkit-border-radius:0px 0px 0px 0px;\n-moz-border-radius:0px 0px 0px 0px;\n}\n<\/style>\n<div class='flex_column av-21q9n-83221b75dc7dd861a981ebaf5e54052a av_one_third  avia-builder-el-8  el_after_av_one_third  el_before_av_one_third  flex_column_div  av-animated-generic bottom-to-top av-zero-column-padding '   ><section  class='avia-team-member av-l2q36fcw-ec2e3af23be22b28954a11877108364c  avia-builder-el-9  avia-builder-el-no-sibling '  itemscope=\"itemscope\" itemtype=\"https:\/\/schema.org\/Person\" ><div class=\"team-img-container\"><img decoding=\"async\" class='wp-image-291 avia-img-lazy-loading-not-291 avia_image avia_image_team' src=\"https:\/\/blstaw.at\/wp-content\/uploads\/2022\/05\/554.jpg\" alt='Heidi Tscharnutter'  itemprop=\"image\"   height=\"197\" width=\"260\" \/><\/div><h3 class='team-member-name '  itemprop=\"name\" >Heidi Tscharnutter<\/h3><div class='team-member-description '  itemprop=\"description\" ><p>Ich bin verheiratet, 3 Kinder, Apothekerin und seit 5 Jahren Ortsvorsteherin in Altenberg, Stellvertreterin im Finanz.<br \/>\nund Badesiedlungsausschuss und Mitglied im Bildungs- und Familienausschuss.<br \/>\nVor allem die Arbeit im Badesiedlungsausschuss hat zu mehr B\u00fcrgern\u00e4he und Erfolgen gef\u00fchrt. So konnte die erste Begegnungszone durchgesetzt werden.<br \/>\n,,B\u00fcrger sind keine Bittsteller!\"<\/p>\n<\/div><span class='hidden team-member-affiliation'  itemprop=\"affiliation\" >B\u00fcrgerliste STAW<\/span><\/section><\/div>\n<style type=\"text\/css\" data-created_by=\"avia_inline_auto\" id=\"style-css-av-1g2en-cc51ce6c31e10e8318a037a6316e23ca\">\n.flex_column.av-1g2en-cc51ce6c31e10e8318a037a6316e23ca{\nborder-radius:0px 0px 0px 0px;\n-webkit-border-radius:0px 0px 0px 0px;\n-moz-border-radius:0px 0px 0px 0px;\n}\n<\/style>\n<div class='flex_column av-1g2en-cc51ce6c31e10e8318a037a6316e23ca av_one_third  avia-builder-el-10  el_after_av_one_third  el_before_av_one_third  first flex_column_div  av-animated-generic bottom-to-top av-zero-column-padding column-top-margin'   ><section  class='avia-team-member av-l2s2su63-d288ce52d81444c959bb9c4c810eb605  avia-builder-el-11  avia-builder-el-no-sibling '  itemscope=\"itemscope\" itemtype=\"https:\/\/schema.org\/Person\" ><div class=\"team-img-container\"><img decoding=\"async\" class='wp-image-307 avia-img-lazy-loading-not-307 avia_image avia_image_team' src=\"https:\/\/blstaw.at\/wp-content\/uploads\/2022\/05\/559.jpg\" alt='Martin Junek'  itemprop=\"image\"   height=\"197\" width=\"260\" \/><\/div><h3 class='team-member-name '  itemprop=\"name\" >Martin Junek<\/h3><div class='team-member-job-title '  itemprop=\"jobTitle\" >Finanzreferent | Gemeinderat<\/div><div class='team-member-description '  itemprop=\"description\" ><p>Als Unternehmer und Familienvater von zwei Kindern freue ich mich jeden Tag, hier leben zu d\u00fcrfen - dort, wo andere Urlaub machen! Die B\u00fcrgerliste steht f\u00fcr partei\u00fcbergreifende, respektvolle Kommunikation mit dem Gegen\u00fcber, Wahrung der klaren Grundwerte sowie die tatkr\u00e4ftige, unb\u00fcrokratische Umsetzung diverser Vorhaben - beispielhaft sei hier der stationierte Rettungswagen genannt. Weitere Vorhaben schnell, unkompliziert und mit der n\u00f6tigen unternehmerischen Sorgfalt umsetzen zu k\u00f6nnen, darin sehe ich meine Motivation und soziale Verantwortung.<\/p>\n<\/div><span class='hidden team-member-affiliation'  itemprop=\"affiliation\" >B\u00fcrgerliste STAW<\/span><\/section><\/div>\n<style type=\"text\/css\" data-created_by=\"avia_inline_auto\" id=\"style-css-av-jlmkj-4943fc67f5c80e16949d8569c39c09ad\">\n.flex_column.av-jlmkj-4943fc67f5c80e16949d8569c39c09ad{\nborder-radius:0px 0px 0px 0px;\n-webkit-border-radius:0px 0px 0px 0px;\n-moz-border-radius:0px 0px 0px 0px;\n}\n<\/style>\n<div class='flex_column av-jlmkj-4943fc67f5c80e16949d8569c39c09ad av_one_third  avia-builder-el-12  el_after_av_one_third  el_before_av_one_third  flex_column_div  av-animated-generic bottom-to-top av-zero-column-padding column-top-margin'   ><section  class='avia-team-member av-l2s2r4km-13b33ffb9aa4d21591b7806cbcff151c  avia-builder-el-13  avia-builder-el-no-sibling '  itemscope=\"itemscope\" itemtype=\"https:\/\/schema.org\/Person\" ><div class=\"team-img-container\"><img decoding=\"async\" class='wp-image-324 avia-img-lazy-loading-not-324 avia_image avia_image_team' src=\"https:\/\/blstaw.at\/wp-content\/uploads\/2022\/05\/Kainz-27_20201106_K-2.jpg\" alt='Peter Kainz'  itemprop=\"image\"   height=\"197\" width=\"260\" \/><\/div><h3 class='team-member-name '  itemprop=\"name\" >Peter Kainz<\/h3><div class='team-member-description '  itemprop=\"description\" ><p>Wenn man St.Andr\u00e4-W\u00f6rdern als \u201eZugezogener\u201c kennengelernt hat, dann versteht man sehr gut, warum so viele Menschen, die hier aufgewachsen sind, auch f\u00fcr immer hier leben wollen. Wir haben 2006 hier ein altes Haus wieder zu neuem Leben erweckt und f\u00fchlen uns auch als K\u00e4rntner hier zuhause. Ich arbeite in der Forschung und Entwicklung im Fahrzeugbau, wir besch\u00e4ftigen uns aus Leidenschaft mit den Antriebskonzepten der Zukunft, vom E-Antrieb \u00fcber die Brennstoffzelle bis zu Biomethangas. So vielschichtig die zuk\u00fcnftigen Antriebsformen auch sein m\u00f6gen, was es braucht ist Technologieoffenheit und auch Realismus. Als Gr\u00fcndungsmitglied der B\u00fcrgerliste setze ich mich daher auch in unserer Gemeinde f\u00fcr Offenheit, Transparenz und einen ehrlichen Blick nach vorne ein!<\/p>\n<\/div><span class='hidden team-member-affiliation'  itemprop=\"affiliation\" >B\u00fcrgerliste STAW<\/span><\/section><\/div>\n<style type=\"text\/css\" data-created_by=\"avia_inline_auto\" id=\"style-css-av-i959z-9a5c664b7a0549b5fb5d02332b030775\">\n.flex_column.av-i959z-9a5c664b7a0549b5fb5d02332b030775{\nborder-radius:0px 0px 0px 0px;\n-webkit-border-radius:0px 0px 0px 0px;\n-moz-border-radius:0px 0px 0px 0px;\n}\n<\/style>\n<div class='flex_column av-i959z-9a5c664b7a0549b5fb5d02332b030775 av_one_third  avia-builder-el-14  el_after_av_one_third  el_before_av_one_third  flex_column_div  av-animated-generic bottom-to-top av-zero-column-padding column-top-margin'   ><section  class='avia-team-member av-l2s2hu76-e90b545ff19f76852a84bc1ad9978b01  avia-builder-el-15  avia-builder-el-no-sibling '  itemscope=\"itemscope\" itemtype=\"https:\/\/schema.org\/Person\" ><div class=\"team-img-container\"><img decoding=\"async\" class='wp-image-304 avia-img-lazy-loading-not-304 avia_image avia_image_team' src=\"https:\/\/blstaw.at\/wp-content\/uploads\/2022\/05\/571.jpg\" alt='Michael Tscharnutter'  itemprop=\"image\"   height=\"197\" width=\"260\" \/><\/div><h3 class='team-member-name '  itemprop=\"name\" >Michael Tscharnutter<\/h3><div class='team-member-job-title '  itemprop=\"jobTitle\" >Finanzreferent Stv.<\/div><div class='team-member-description '  itemprop=\"description\" ><p>\u201eIch engagiere mich bei der B\u00fcrgerliste, weil es die einzig unabh\u00e4ngige Vertretung der B\u00fcrgerinnen und B\u00fcrger von St. Andr\u00e4-W\u00f6rdern ist. Alle Entscheidungen werden ohne Mitsprache von Mutterparteien in St. P\u00f6lten und Wien getroffen, direkt vor Ort und f\u00fcr die Menschen. Es ist mir ein Anliegen St. Andr\u00e4-W\u00f6rdern in seinem unvergleichlichen Mix aus Wohn-, Arbeits- und Freizeitort zu erhalten.\u201c<\/p>\n<\/div><span class='hidden team-member-affiliation'  itemprop=\"affiliation\" >B\u00fcrgerliste STAW<\/span><\/section><\/div>\n<style type=\"text\/css\" data-created_by=\"avia_inline_auto\" id=\"style-css-av-fjrn7-0dcaa1b87c6d5a0037fce2c14893ebe0\">\n.flex_column.av-fjrn7-0dcaa1b87c6d5a0037fce2c14893ebe0{\nborder-radius:0px 0px 0px 0px;\n-webkit-border-radius:0px 0px 0px 0px;\n-moz-border-radius:0px 0px 0px 0px;\n}\n<\/style>\n<div class='flex_column av-fjrn7-0dcaa1b87c6d5a0037fce2c14893ebe0 av_one_third  avia-builder-el-16  el_after_av_one_third  el_before_av_one_third  first flex_column_div  av-animated-generic bottom-to-top av-zero-column-padding column-top-margin'   ><section  class='avia-team-member av-l2s2mkut-b0e68b063a3997aa002e4ea35b8ee898  avia-builder-el-17  avia-builder-el-no-sibling '  itemscope=\"itemscope\" itemtype=\"https:\/\/schema.org\/Person\" ><div class=\"team-img-container\"><img decoding=\"async\" class='wp-image-305 avia-img-lazy-loading-not-305 avia_image avia_image_team' src=\"https:\/\/blstaw.at\/wp-content\/uploads\/2022\/05\/556.jpg\" alt='Johann Roiser'  itemprop=\"image\"   height=\"197\" width=\"260\" \/><\/div><h3 class='team-member-name '  itemprop=\"name\" >Johann Roiser<\/h3><div class='team-member-job-title '  itemprop=\"jobTitle\" >Rechnungspr\u00fcfer<\/div><div class='team-member-description '  itemprop=\"description\" ><p>Ich bin in Sankt Andr\u00e4 W\u00f6rdern aufgewachsen und verwurzelt.<br \/>\nAls Landwirt f\u00fchre ich einen Vollerwerbsbetrieb,<br \/>\nIch denke, die B\u00fcrgerliste bietet eine breite Basis f\u00fcr alle B\u00fcrger, die sich und ihre Ideen hier f\u00fcr die Allgemeinheit einbringen wollen, abseits von verordneten Parteilinien und Selbstdarstellern.<br \/>\nIch bin f\u00fcr mehr direkte Demokratie und gegen Politikverdrossenheit um unsere Gemeinde zukunftsfit zu machen . <\/p>\n<\/div><span class='hidden team-member-affiliation'  itemprop=\"affiliation\" >B\u00fcrgerliste STAW<\/span><\/section><\/div>\n<style type=\"text\/css\" data-created_by=\"avia_inline_auto\" id=\"style-css-av-ekyk3-cf20636ffc92152e6b0507e10cdba11e\">\n.flex_column.av-ekyk3-cf20636ffc92152e6b0507e10cdba11e{\nborder-radius:0px 0px 0px 0px;\n-webkit-border-radius:0px 0px 0px 0px;\n-moz-border-radius:0px 0px 0px 0px;\n}\n<\/style>\n<div class='flex_column av-ekyk3-cf20636ffc92152e6b0507e10cdba11e av_one_third  avia-builder-el-18  el_after_av_one_third  avia-builder-el-last  flex_column_div  av-animated-generic bottom-to-top av-zero-column-padding column-top-margin'   ><\/div><\/div><\/div><\/div><!-- close content main div --><\/div><\/div><div id='after_section_1'  class='main_color av_default_container_wrap container_wrap sidebar_right'  ><div class='container av-section-cont-open' ><div class='template-page content  av-content-small alpha units'><div class='post-entry post-entry-type-page post-entry-31'><div class='entry-content-wrapper clearfix'>\n","protected":false},"excerpt":{"rendered":"","protected":false},"author":1,"featured_media":0,"parent":0,"menu_order":0,"comment_status":"closed","ping_status":"closed","template":"","meta":{"footnotes":""},"class_list":["post-31","page","type-page","status-publish","hentry"],"_links":{"self":[{"href":"https:\/\/blstaw.at\/index.php?rest_route=\/wp\/v2\/pages\/31","targetHints":{"allow":["GET"]}}],"collection":[{"href":"https:\/\/blstaw.at\/index.php?rest_route=\/wp\/v2\/pages"}],"about":[{"href":"https:\/\/blstaw.at\/index.php?rest_route=\/wp\/v2\/types\/page"}],"author":[{"embeddable":true,"href":"https:\/\/blstaw.at\/index.php?rest_route=\/wp\/v2\/users\/1"}],"replies":[{"embeddable":true,"href":"https:\/\/blstaw.at\/index.php?rest_route=%2Fwp%2Fv2%2Fcomments&post=31"}],"version-history":[{"count":18,"href":"https:\/\/blstaw.at\/index.php?rest_route=\/wp\/v2\/pages\/31\/revisions"}],"predecessor-version":[{"id":496,"href":"https:\/\/blstaw.at\/index.php?rest_route=\/wp\/v2\/pages\/31\/revisions\/496"}],"wp:attachment":[{"href":"https:\/\/blstaw.at\/index.php?rest_route=%2Fwp%2Fv2%2Fmedia&parent=31"}],"curies":[{"name":"wp","href":"https:\/\/api.w.org\/{rel}","templated":true}]}}