{"id":376,"date":"2022-05-17T10:49:52","date_gmt":"2022-05-17T08:49:52","guid":{"rendered":"https:\/\/blstaw.at\/?page_id=376"},"modified":"2022-05-17T10:49:53","modified_gmt":"2022-05-17T08:49:53","slug":"bericht-greifenstein","status":"publish","type":"page","link":"https:\/\/blstaw.at\/?page_id=376","title":{"rendered":"Bericht Greifenstein"},"content":{"rendered":"<div class='flex_column av-ah0tk-60065d4fc089bdbe20e57b35394626fd av_one_full  avia-builder-el-0  avia-builder-el-no-sibling  first flex_column_div '   ><section  class='av_textblock_section av-l39wscs3-58f772c1876c29d0301e26d5a66825ff'  itemscope=\"itemscope\" itemtype=\"https:\/\/schema.org\/CreativeWork\" ><div class='avia_textblock'  itemprop=\"text\" ><p><strong>Neuer zus\u00e4tzlicher Defibrillator f\u00fcr Greifenstein!<\/strong><br \/>\nAm n\u00f6rdlichen Altarmufer beim ehemaligen Gasthaus Jarosch wurde ein neuer Defibrillator in einem klimatisierten Kasten installiert. Da es rund um den Altarm in den vergangenen Jahren immer wieder zu Notf\u00e4llen gekommen ist, war es wichtig auch am Nordufer einen neuen Standort zu schaffen.<\/p>\n<p><strong>Fr\u00fchjahrsputz<\/strong><br \/>\nIn den n\u00e4chsten Tagen wird der Kehrwagen die Gassen und Stra\u00dfen reinigen. Damit es in Greifenstein richtig sauber wird, bitten wir zuvor auch Gehsteige abzukehren. Weiters werden die Gr\u00fcnfl\u00e4chen neben der Stra\u00dfe gereinigt und bepflanzt.<\/p>\n<p><strong>Trockenheit<\/strong><br \/>\nDie Waldbrandverordnung ist bis 31. Oktober 2022 auch in Greifenstein in Kraft. Daher ist das Rauchen sowie jegliches Feuerentz\u00fcnden im Wald und in dessen Gef\u00e4hrdungsbereich verboten.<\/p>\n<p>Bitte teilen Sie mir mit, wie wir Greifenstein noch lebenswerter machen k\u00f6nnen und wo es f\u00fcr mich etwas zu tun gibt.<\/p>\n<p>Alfred K\u00f6gl<\/p>\n<\/div><\/section><\/div>\n","protected":false},"excerpt":{"rendered":"","protected":false},"author":1,"featured_media":0,"parent":0,"menu_order":0,"comment_status":"closed","ping_status":"closed","template":"","meta":{"footnotes":""},"class_list":["post-376","page","type-page","status-publish","hentry"],"_links":{"self":[{"href":"https:\/\/blstaw.at\/index.php?rest_route=\/wp\/v2\/pages\/376","targetHints":{"allow":["GET"]}}],"collection":[{"href":"https:\/\/blstaw.at\/index.php?rest_route=\/wp\/v2\/pages"}],"about":[{"href":"https:\/\/blstaw.at\/index.php?rest_route=\/wp\/v2\/types\/page"}],"author":[{"embeddable":true,"href":"https:\/\/blstaw.at\/index.php?rest_route=\/wp\/v2\/users\/1"}],"replies":[{"embeddable":true,"href":"https:\/\/blstaw.at\/index.php?rest_route=%2Fwp%2Fv2%2Fcomments&post=376"}],"version-history":[{"count":2,"href":"https:\/\/blstaw.at\/index.php?rest_route=\/wp\/v2\/pages\/376\/revisions"}],"predecessor-version":[{"id":378,"href":"https:\/\/blstaw.at\/index.php?rest_route=\/wp\/v2\/pages\/376\/revisions\/378"}],"wp:attachment":[{"href":"https:\/\/blstaw.at\/index.php?rest_route=%2Fwp%2Fv2%2Fmedia&parent=376"}],"curies":[{"name":"wp","href":"https:\/\/api.w.org\/{rel}","templated":true}]}}