{"id":406,"date":"2022-07-12T15:47:16","date_gmt":"2022-07-12T13:47:16","guid":{"rendered":"https:\/\/blstaw.at\/?page_id=406"},"modified":"2022-07-12T15:49:02","modified_gmt":"2022-07-12T13:49:02","slug":"bebauungsbestimmungen-fuer-die-badesiedlung","status":"publish","type":"page","link":"https:\/\/blstaw.at\/?page_id=406","title":{"rendered":"Bebauungsbestimmungen f\u00fcr die Badesiedlung"},"content":{"rendered":"<div class='flex_column av-av_three_fourth-a93934ecd89fbb8a9566d39e89cd3725 av_three_fourth  avia-builder-el-0  avia-builder-el-no-sibling  first flex_column_div '   ><p>\n<style type=\"text\/css\" data-created_by=\"avia_inline_auto\" id=\"style-css-av-l5i8bqm0-a78f9d8a1f81ce988a1e8e65cf562ccc\">\n#top .av-special-heading.av-l5i8bqm0-a78f9d8a1f81ce988a1e8e65cf562ccc{\npadding-bottom:10px;\n}\nbody .av-special-heading.av-l5i8bqm0-a78f9d8a1f81ce988a1e8e65cf562ccc .av-special-heading-tag .heading-char{\nfont-size:25px;\n}\n.av-special-heading.av-l5i8bqm0-a78f9d8a1f81ce988a1e8e65cf562ccc .av-subheading{\nfont-size:15px;\n}\n<\/style>\n<div  class='av-special-heading av-l5i8bqm0-a78f9d8a1f81ce988a1e8e65cf562ccc av-special-heading-h3  avia-builder-el-1  el_before_av_textblock  avia-builder-el-first '><h3 class='av-special-heading-tag'  itemprop=\"headline\"  >Bebauungsbestimmungen f\u00fcr die Badesiedlung<\/h3><div class=\"special-heading-border\"><div class=\"special-heading-inner-border\"><\/div><\/div><\/div><br \/>\n<section  class='av_textblock_section av-l5i8bgvc-e76601821f6f0838c07318fd963d4993'  itemscope=\"itemscope\" itemtype=\"https:\/\/schema.org\/CreativeWork\" ><div class='avia_textblock'  itemprop=\"text\" ><p>Zu diesem Thema waren auch drei Expertinnen f\u00fcr Raumordnung und Ortsbildpflege anwesend, die in einer anschaulichen Pr\u00e4sentation einen \u00dcberblick \u00fcber die verschiedenen Themenbereiche und Schwerpunkte der gerade in \u00dcberarbeitung befindlichen Bauordnung in der Badesiedlung gaben. Die Ausschussmitglieder sprachen sich f\u00fcr eine z\u00fcgige Vorgangsweise gem\u00e4\u00df dem ebenfalls pr\u00e4sentierten Zeitplan aus, um die Neufassung noch vor Ablauf der k\u00fcrzlich beschlossenen Bausperre fertigzustellen.<br \/>\nInteressant waren auch die Erl\u00e4uterungen dar\u00fcber, wie ein Ortsbildgutachten erstellt wird und welche Erkenntnisse man daraus gewinnen kann, sowohl hinsichtlich der strukturellen Entwicklung in der Badesiedlung im Speziellen als auch f\u00fcr das gesamte Gemeindegebiet allgemein.<br \/>\nDie Expertinnen werden nun mit der Erhebung des Ist-Zustandes und der Sammlung des n\u00f6tigen Datenmaterials beginnen. Nach entsprechender Analyse soll in Zusammenarbeit mit Gemeindevertretern und Interessensvertretern und in Abstimmung mit dem Land N\u00d6 ein Entwurf f\u00fcr neue Bestimmungen erarbeitet werden.<\/p>\n<\/div><\/section><\/p><\/div>\n","protected":false},"excerpt":{"rendered":"","protected":false},"author":3,"featured_media":0,"parent":0,"menu_order":0,"comment_status":"closed","ping_status":"closed","template":"","meta":{"footnotes":""},"class_list":["post-406","page","type-page","status-publish","hentry"],"_links":{"self":[{"href":"https:\/\/blstaw.at\/index.php?rest_route=\/wp\/v2\/pages\/406","targetHints":{"allow":["GET"]}}],"collection":[{"href":"https:\/\/blstaw.at\/index.php?rest_route=\/wp\/v2\/pages"}],"about":[{"href":"https:\/\/blstaw.at\/index.php?rest_route=\/wp\/v2\/types\/page"}],"author":[{"embeddable":true,"href":"https:\/\/blstaw.at\/index.php?rest_route=\/wp\/v2\/users\/3"}],"replies":[{"embeddable":true,"href":"https:\/\/blstaw.at\/index.php?rest_route=%2Fwp%2Fv2%2Fcomments&post=406"}],"version-history":[{"count":2,"href":"https:\/\/blstaw.at\/index.php?rest_route=\/wp\/v2\/pages\/406\/revisions"}],"predecessor-version":[{"id":408,"href":"https:\/\/blstaw.at\/index.php?rest_route=\/wp\/v2\/pages\/406\/revisions\/408"}],"wp:attachment":[{"href":"https:\/\/blstaw.at\/index.php?rest_route=%2Fwp%2Fv2%2Fmedia&parent=406"}],"curies":[{"name":"wp","href":"https:\/\/api.w.org\/{rel}","templated":true}]}}

Bebauungsbestimmungen für die Badesiedlung

<div class='flex_column av-av_three_fourth-a93934ecd89fbb8a9566d39e89cd3725 av_three_fourth  avia-builder-el-0  avia-builder-el-no-sibling  first flex_column_div '   ><p>
<style type="text/css" data-created_by="avia_inline_auto" id="style-css-av-l5i8bqm0-a78f9d8a1f81ce988a1e8e65cf562ccc">
#top .av-special-heading.av-l5i8bqm0-a78f9d8a1f81ce988a1e8e65cf562ccc{
padding-bottom:10px;
}
body .av-special-heading.av-l5i8bqm0-a78f9d8a1f81ce988a1e8e65cf562ccc .av-special-heading-tag .heading-char{
font-size:25px;
}
.av-special-heading.av-l5i8bqm0-a78f9d8a1f81ce988a1e8e65cf562ccc .av-subheading{
font-size:15px;
}
</style>
<div  class='av-special-heading av-l5i8bqm0-a78f9d8a1f81ce988a1e8e65cf562ccc av-special-heading-h3  avia-builder-el-1  el_before_av_textblock  avia-builder-el-first '><h3 class='av-special-heading-tag'  itemprop="headline"  >Bebauungsbestimmungen für die Badesiedlung</h3><div class="special-heading-border"><div class="special-heading-inner-border"></div></div></div><br />
<section  class='av_textblock_section av-l5i8bgvc-e76601821f6f0838c07318fd963d4993'  itemscope="itemscope" itemtype="https://schema.org/CreativeWork" ><div class='avia_textblock'  itemprop="text" ><p>Zu diesem Thema waren auch drei Expertinnen für Raumordnung und Ortsbildpflege anwesend, die in einer anschaulichen Präsentation einen Überblick über die verschiedenen Themenbereiche und Schwerpunkte der gerade in Überarbeitung befindlichen Bauordnung in der Badesiedlung gaben. Die Ausschussmitglieder sprachen sich für eine zügige Vorgangsweise gemäß dem ebenfalls präsentierten Zeitplan aus, um die Neufassung noch vor Ablauf der kürzlich beschlossenen Bausperre fertigzustellen.<br />
Interessant waren auch die Erläuterungen darüber, wie ein Ortsbildgutachten erstellt wird und welche Erkenntnisse man daraus gewinnen kann, sowohl hinsichtlich der strukturellen Entwicklung in der Badesiedlung im Speziellen als auch für das gesamte Gemeindegebiet allgemein.<br />
Die Expertinnen werden nun mit der Erhebung des Ist-Zustandes und der Sammlung des nötigen Datenmaterials beginnen. Nach entsprechender Analyse soll in Zusammenarbeit mit Gemeindevertretern und Interessensvertretern und in Abstimmung mit dem Land NÖ ein Entwurf für neue Bestimmungen erarbeitet werden.</p>
</div></section></p></div>
