{"id":414,"date":"2022-07-12T15:59:42","date_gmt":"2022-07-12T13:59:42","guid":{"rendered":"https:\/\/blstaw.at\/?page_id=414"},"modified":"2022-07-12T15:59:44","modified_gmt":"2022-07-12T13:59:44","slug":"muellplatz-neu","status":"publish","type":"page","link":"https:\/\/blstaw.at\/?page_id=414","title":{"rendered":"M\u00fcllplatz \u201eneu\u201c"},"content":{"rendered":"<div class='flex_column av-av_three_fourth-a93934ecd89fbb8a9566d39e89cd3725 av_three_fourth  avia-builder-el-0  avia-builder-el-no-sibling  first flex_column_div '   ><p>\n<style type=\"text\/css\" data-created_by=\"avia_inline_auto\" id=\"style-css-av-l5i8mdqy-f223bf4ee1ff755099eb6c94e2278367\">\n#top .av-special-heading.av-l5i8mdqy-f223bf4ee1ff755099eb6c94e2278367{\npadding-bottom:10px;\n}\nbody .av-special-heading.av-l5i8mdqy-f223bf4ee1ff755099eb6c94e2278367 .av-special-heading-tag .heading-char{\nfont-size:25px;\n}\n.av-special-heading.av-l5i8mdqy-f223bf4ee1ff755099eb6c94e2278367 .av-subheading{\nfont-size:15px;\n}\n<\/style>\n<div  class='av-special-heading av-l5i8mdqy-f223bf4ee1ff755099eb6c94e2278367 av-special-heading-h3  avia-builder-el-1  el_before_av_textblock  avia-builder-el-first '><h3 class='av-special-heading-tag'  itemprop=\"headline\"  >M\u00fcllplatz <span class='special_amp'>\u201e<\/span>neu<span class='special_amp'>\u201c<\/span><\/h3><div class=\"special-heading-border\"><div class=\"special-heading-inner-border\"><\/div><\/div><\/div><br \/>\n<section  class='av_textblock_section av-l5i8pg6b-49d0ddffe3da0b6a3e4fd3395f170bb0'  itemscope=\"itemscope\" itemtype=\"https:\/\/schema.org\/CreativeWork\" ><div class='avia_textblock'  itemprop=\"text\" ><p><img loading=\"lazy\" decoding=\"async\" class=\"size-medium wp-image-415 alignleft\" src=\"https:\/\/blstaw.at\/wp-content\/uploads\/2022\/07\/20220711_105235_resized-300x225.jpg\" alt=\"\" width=\"300\" height=\"225\" srcset=\"https:\/\/blstaw.at\/wp-content\/uploads\/2022\/07\/20220711_105235_resized-300x225.jpg 300w, https:\/\/blstaw.at\/wp-content\/uploads\/2022\/07\/20220711_105235_resized-1030x773.jpg 1030w, https:\/\/blstaw.at\/wp-content\/uploads\/2022\/07\/20220711_105235_resized-768x576.jpg 768w, https:\/\/blstaw.at\/wp-content\/uploads\/2022\/07\/20220711_105235_resized-1536x1152.jpg 1536w, https:\/\/blstaw.at\/wp-content\/uploads\/2022\/07\/20220711_105235_resized-2048x1536.jpg 2048w, https:\/\/blstaw.at\/wp-content\/uploads\/2022\/07\/20220711_105235_resized-1500x1125.jpg 1500w, https:\/\/blstaw.at\/wp-content\/uploads\/2022\/07\/20220711_105235_resized-705x529.jpg 705w\" sizes=\"auto, (max-width: 300px) 100vw, 300px\" \/>Es geht das Ger\u00fccht um, dass der GVA (Gemeindeverband f\u00fcr Abfallbeseitigung in der Region TULLN) aufgrund fehlender Widmungen in K\u00f6nigstetten die Errichtung des seit Jahren geplanten, neuen Altstoffsammelzentrums mitten im Hagenthal vorziehen k\u00f6nnte.<br \/>\nHier steht jedoch im Raum, dass die urspr\u00fcnglich geplante Nachnutzung des alten Recyclingplatzes neben der Anlage der Stra\u00dfenmeisterei durch die Errichtung des neuen Bauhofs gegeben ist. Das f\u00e4llt jedoch weg.<br \/>\nDie BLSTAW tritt f\u00fcr eine nachhaltige Abfallwirtschaft ein, es m\u00fcssen jedoch auch in diesem Punkt alle berechtigten Fragen der Kostendeckung, Infrastruktur und Umweltrelevanz (Bodenversiegelung, Natura2000, wasserrechtliche Belange) gekl\u00e4rt sein, bevor innerhalb der Grenzen des Biosph\u00e4renparks Wienerwald drei- bis viertausend Quadratmeter zubetoniert werden.<\/p>\n<\/div><\/section><\/p><\/div>\n","protected":false},"excerpt":{"rendered":"","protected":false},"author":3,"featured_media":0,"parent":0,"menu_order":0,"comment_status":"closed","ping_status":"closed","template":"","meta":{"footnotes":""},"class_list":["post-414","page","type-page","status-publish","hentry"],"_links":{"self":[{"href":"https:\/\/blstaw.at\/index.php?rest_route=\/wp\/v2\/pages\/414","targetHints":{"allow":["GET"]}}],"collection":[{"href":"https:\/\/blstaw.at\/index.php?rest_route=\/wp\/v2\/pages"}],"about":[{"href":"https:\/\/blstaw.at\/index.php?rest_route=\/wp\/v2\/types\/page"}],"author":[{"embeddable":true,"href":"https:\/\/blstaw.at\/index.php?rest_route=\/wp\/v2\/users\/3"}],"replies":[{"embeddable":true,"href":"https:\/\/blstaw.at\/index.php?rest_route=%2Fwp%2Fv2%2Fcomments&post=414"}],"version-history":[{"count":2,"href":"https:\/\/blstaw.at\/index.php?rest_route=\/wp\/v2\/pages\/414\/revisions"}],"predecessor-version":[{"id":427,"href":"https:\/\/blstaw.at\/index.php?rest_route=\/wp\/v2\/pages\/414\/revisions\/427"}],"wp:attachment":[{"href":"https:\/\/blstaw.at\/index.php?rest_route=%2Fwp%2Fv2%2Fmedia&parent=414"}],"curies":[{"name":"wp","href":"https:\/\/api.w.org\/{rel}","templated":true}]}}