{"id":467,"date":"2023-04-25T09:02:58","date_gmt":"2023-04-25T07:02:58","guid":{"rendered":"https:\/\/blstaw.at\/?page_id=467"},"modified":"2023-04-25T09:06:58","modified_gmt":"2023-04-25T07:06:58","slug":"tempo-30","status":"publish","type":"page","link":"https:\/\/blstaw.at\/?page_id=467","title":{"rendered":"Tempo 30"},"content":{"rendered":"<div class='flex_column av-8z5uj-32134da314120242da1e7169570b53d9 av_three_fourth  avia-builder-el-0  avia-builder-el-no-sibling  first flex_column_div '   ><p>\n<style type=\"text\/css\" data-created_by=\"avia_inline_auto\" id=\"style-css-av-lgvx4zgr-3bae1f13dcfdb04f30d654d679cef966\">\n#top .av-special-heading.av-lgvx4zgr-3bae1f13dcfdb04f30d654d679cef966{\npadding-bottom:10px;\n}\nbody .av-special-heading.av-lgvx4zgr-3bae1f13dcfdb04f30d654d679cef966 .av-special-heading-tag .heading-char{\nfont-size:25px;\n}\n.av-special-heading.av-lgvx4zgr-3bae1f13dcfdb04f30d654d679cef966 .av-subheading{\nfont-size:15px;\n}\n<\/style>\n<div  class='av-special-heading av-lgvx4zgr-3bae1f13dcfdb04f30d654d679cef966 av-special-heading-h3  avia-builder-el-1  el_before_av_image  avia-builder-el-first '><h3 class='av-special-heading-tag'  itemprop=\"headline\"  >Tempo 30 in der ganzen Gemeinde!<\/h3><div class=\"special-heading-border\"><div class=\"special-heading-inner-border\"><\/div><\/div><\/div><br \/>\n\n<style type=\"text\/css\" data-created_by=\"avia_inline_auto\" id=\"style-css-av-lgvxc6wq-364b9b8792de34528d0f88c7b707e2aa\">\n.avia-image-container.av-lgvxc6wq-364b9b8792de34528d0f88c7b707e2aa .av-image-caption-overlay-center{\ncolor:#ffffff;\n}\n<\/style>\n<div  class='avia-image-container av-lgvxc6wq-364b9b8792de34528d0f88c7b707e2aa av-styling- avia-align-center  avia-builder-el-2  el_after_av_heading  el_before_av_textblock '  itemprop=\"image\" itemscope=\"itemscope\" itemtype=\"https:\/\/schema.org\/ImageObject\" ><div class=\"avia-image-container-inner\"><div class=\"avia-image-overlay-wrap\"><img decoding=\"async\" class='wp-image-472 avia-img-lazy-loading-not-472 avia_image' src=\"https:\/\/blstaw.at\/wp-content\/uploads\/2023\/04\/Tempo30_web.jpg\" alt='' title='Tempo30_web'  height=\"530\" width=\"834\"  itemprop=\"thumbnailUrl\" srcset=\"https:\/\/blstaw.at\/wp-content\/uploads\/2023\/04\/Tempo30_web.jpg 834w, https:\/\/blstaw.at\/wp-content\/uploads\/2023\/04\/Tempo30_web-300x191.jpg 300w, https:\/\/blstaw.at\/wp-content\/uploads\/2023\/04\/Tempo30_web-768x488.jpg 768w, https:\/\/blstaw.at\/wp-content\/uploads\/2023\/04\/Tempo30_web-705x448.jpg 705w\" sizes=\"(max-width: 834px) 100vw, 834px\" \/><\/div><\/div><\/div><br \/>\n<section  class='av_textblock_section av-lgvx71ge-a04321ec56b8b93c6031eea11e44cf9e'  itemscope=\"itemscope\" itemtype=\"https:\/\/schema.org\/CreativeWork\" ><div class='avia_textblock'  itemprop=\"text\" ><p>Dass die Gr\u00fcnradikalen nicht die Welt retten, sondern Europa zerst\u00f6ren wollen, das erscheint immer wahrscheinlicher. \u00d6ko-Terroristen blockieren Stra\u00dfen, beschmieren Kunst- und Kulturdenkm\u00e4ler, behindern Rettungseins\u00e4tze und nehmen dabei bewusst den Tod von Menschen durch ihre Aktionen in Kauf. Und v\u00f6llig isolierte Alleing\u00e4nge der europ\u00e4ischen Politik beim Ausstieg aus der Energie-Grundversorgung beenden die wirtschaftliche und soziale Entwicklung Europas. Und genau diese Gr\u00fcnpolitiker\/innen die uns B\u00fcrgerinnen und B\u00fcrgern die Heizungen abdrehen und das Auto verbieten werden, fliegen selbst ganz ungeniert in der ganzen Welt herum und lassen es sich auf unsere Kosten so richtig gut gehen.<\/p>\n<p>Jetzt wird bei uns schon munter die n\u00e4chste Ideologische Keule geschwungen: Tempo 30 muss her! Dazu wurde schon im Vorfeld flei\u00dfig gearbeitet um uns etwas aufzuzwingen was die Bev\u00f6lkerung dann auch noch bezahlen muss. Im Herbst des Vorjahres wurde gegen die Stimmen der B\u00fcrgerliste und der SP\u00d6 eine Studie f\u00fcr die Einf\u00fchrung der Tempo-30-Zone auf allen Gemeindestrassen beauftragt. Bei der Abstimmung kam es zu einem Gleichstand der Stimmen im Vorstand. Durch eine Regelung in der Gemeindeordnung z\u00e4hlt in diesem Fall die Stimme der Vizeb\u00fcrgermeisterin, sofern sie es w\u00fcnscht doppelt, was sie nat\u00fcrlich n\u00fctzte.<br \/>\nSo war es auch f\u00fcr die Anschaffung der dazu ben\u00f6tigten Tafeln geplant. Eine Abstimmung im Gemeinderat wollten Gr\u00fcn-Schwarz verhindern, da hier keine Mehrheit zustande kommen w\u00fcrde. Es sollte schlicht und einfach eine Verordnung des B\u00fcrgermeisters werden.<\/p>\n<p>Gl\u00fccklicherweise regt sich auch schon in der \u00d6VP Widerstand gegen einen generellen 30iger, weshalb es noch nicht zustande kam. Aus den gr\u00fcnen Reihen kam sofort: \u201eAufgeschoben ist nicht aufgehoben\u201c.<br \/>\nDie Einf\u00fchrung eines generellen 30igers ist doch ein sehr umstrittenes Thema und der Nutzen auch sehr fraglich. Falls dann \u00e4hnlich spannende Berechnungen wie die zur Radweg-Bodenversiegelung ergeben, dass Tempo 30 eine CO2 Einsparung bringt, wird das die Welt wohl auch nicht retten. Es gilt dann auch generell rechts vor links, ohne Ausnahmen, was auf den Verbindungsstrassen innerhalb der Gemeinde recht spannen wird und es wird wieder mal der arbeitenden Bev\u00f6lkerung die Zeit gestohlen.<\/p>\n<p><strong>Unser Ansatz: \u00f6rtlich<\/strong><br \/>\nangepasste L\u00f6sungen statt Ideologischen Keulen. Und wenn etwas beschlossen wird, dann nur auf demokratischen Wegen!<\/p>\n<\/div><\/section><\/p><\/div>\n","protected":false},"excerpt":{"rendered":"","protected":false},"author":3,"featured_media":0,"parent":0,"menu_order":0,"comment_status":"closed","ping_status":"closed","template":"","meta":{"footnotes":""},"class_list":["post-467","page","type-page","status-publish","hentry"],"_links":{"self":[{"href":"https:\/\/blstaw.at\/index.php?rest_route=\/wp\/v2\/pages\/467","targetHints":{"allow":["GET"]}}],"collection":[{"href":"https:\/\/blstaw.at\/index.php?rest_route=\/wp\/v2\/pages"}],"about":[{"href":"https:\/\/blstaw.at\/index.php?rest_route=\/wp\/v2\/types\/page"}],"author":[{"embeddable":true,"href":"https:\/\/blstaw.at\/index.php?rest_route=\/wp\/v2\/users\/3"}],"replies":[{"embeddable":true,"href":"https:\/\/blstaw.at\/index.php?rest_route=%2Fwp%2Fv2%2Fcomments&post=467"}],"version-history":[{"count":2,"href":"https:\/\/blstaw.at\/index.php?rest_route=\/wp\/v2\/pages\/467\/revisions"}],"predecessor-version":[{"id":473,"href":"https:\/\/blstaw.at\/index.php?rest_route=\/wp\/v2\/pages\/467\/revisions\/473"}],"wp:attachment":[{"href":"https:\/\/blstaw.at\/index.php?rest_route=%2Fwp%2Fv2%2Fmedia&parent=467"}],"curies":[{"name":"wp","href":"https:\/\/api.w.org\/{rel}","templated":true}]}}

<div class='flex_column av-8z5uj-32134da314120242da1e7169570b53d9 av_three_fourth  avia-builder-el-0  avia-builder-el-no-sibling  first flex_column_div '   ><p>
<style type="text/css" data-created_by="avia_inline_auto" id="style-css-av-lgvx4zgr-3bae1f13dcfdb04f30d654d679cef966">
#top .av-special-heading.av-lgvx4zgr-3bae1f13dcfdb04f30d654d679cef966{
padding-bottom:10px;
}
body .av-special-heading.av-lgvx4zgr-3bae1f13dcfdb04f30d654d679cef966 .av-special-heading-tag .heading-char{
font-size:25px;
}
.av-special-heading.av-lgvx4zgr-3bae1f13dcfdb04f30d654d679cef966 .av-subheading{
font-size:15px;
}
</style>
<div  class='av-special-heading av-lgvx4zgr-3bae1f13dcfdb04f30d654d679cef966 av-special-heading-h3  avia-builder-el-1  el_before_av_image  avia-builder-el-first '><h3 class='av-special-heading-tag'  itemprop="headline"  >Tempo 30 in der ganzen Gemeinde!</h3><div class="special-heading-border"><div class="special-heading-inner-border"></div></div></div><br />

<style type="text/css" data-created_by="avia_inline_auto" id="style-css-av-lgvxc6wq-364b9b8792de34528d0f88c7b707e2aa">
.avia-image-container.av-lgvxc6wq-364b9b8792de34528d0f88c7b707e2aa .av-image-caption-overlay-center{
color:#ffffff;
}
</style>
<div  class='avia-image-container av-lgvxc6wq-364b9b8792de34528d0f88c7b707e2aa av-styling- avia-align-center  avia-builder-el-2  el_after_av_heading  el_before_av_textblock '  itemprop="image" itemscope="itemscope" itemtype="https://schema.org/ImageObject" ><div class="avia-image-container-inner"><div class="avia-image-overlay-wrap"><img decoding="async" class='wp-image-472 avia-img-lazy-loading-not-472 avia_image' src="https://blstaw.at/wp-content/uploads/2023/04/Tempo30_web.jpg" alt='' title='Tempo30_web'  height="530" width="834"  itemprop="thumbnailUrl" srcset="https://blstaw.at/wp-content/uploads/2023/04/Tempo30_web.jpg 834w, https://blstaw.at/wp-content/uploads/2023/04/Tempo30_web-300x191.jpg 300w, https://blstaw.at/wp-content/uploads/2023/04/Tempo30_web-768x488.jpg 768w, https://blstaw.at/wp-content/uploads/2023/04/Tempo30_web-705x448.jpg 705w" sizes="(max-width: 834px) 100vw, 834px" /></div></div></div><br />
<section  class='av_textblock_section av-lgvx71ge-a04321ec56b8b93c6031eea11e44cf9e'  itemscope="itemscope" itemtype="https://schema.org/CreativeWork" ><div class='avia_textblock'  itemprop="text" ><p>Dass die Grünradikalen nicht die Welt retten, sondern Europa zerstören wollen, das erscheint immer wahrscheinlicher. Öko-Terroristen blockieren Straßen, beschmieren Kunst- und Kulturdenkmäler, behindern Rettungseinsätze und nehmen dabei bewusst den Tod von Menschen durch ihre Aktionen in Kauf. Und völlig isolierte Alleingänge der europäischen Politik beim Ausstieg aus der Energie-Grundversorgung beenden die wirtschaftliche und soziale Entwicklung Europas. Und genau diese Grünpolitiker/innen die uns Bürgerinnen und Bürgern die Heizungen abdrehen und das Auto verbieten werden, fliegen selbst ganz ungeniert in der ganzen Welt herum und lassen es sich auf unsere Kosten so richtig gut gehen.</p>
<p>Jetzt wird bei uns schon munter die nächste Ideologische Keule geschwungen: Tempo 30 muss her! Dazu wurde schon im Vorfeld fleißig gearbeitet um uns etwas aufzuzwingen was die Bevölkerung dann auch noch bezahlen muss. Im Herbst des Vorjahres wurde gegen die Stimmen der Bürgerliste und der SPÖ eine Studie für die Einführung der Tempo-30-Zone auf allen Gemeindestrassen beauftragt. Bei der Abstimmung kam es zu einem Gleichstand der Stimmen im Vorstand. Durch eine Regelung in der Gemeindeordnung zählt in diesem Fall die Stimme der Vizebürgermeisterin, sofern sie es wünscht doppelt, was sie natürlich nützte.<br />
So war es auch für die Anschaffung der dazu benötigten Tafeln geplant. Eine Abstimmung im Gemeinderat wollten Grün-Schwarz verhindern, da hier keine Mehrheit zustande kommen würde. Es sollte schlicht und einfach eine Verordnung des Bürgermeisters werden.</p>
<p>Glücklicherweise regt sich auch schon in der ÖVP Widerstand gegen einen generellen 30iger, weshalb es noch nicht zustande kam. Aus den grünen Reihen kam sofort: „Aufgeschoben ist nicht aufgehoben“.<br />
Die Einführung eines generellen 30igers ist doch ein sehr umstrittenes Thema und der Nutzen auch sehr fraglich. Falls dann ähnlich spannende Berechnungen wie die zur Radweg-Bodenversiegelung ergeben, dass Tempo 30 eine CO2 Einsparung bringt, wird das die Welt wohl auch nicht retten. Es gilt dann auch generell rechts vor links, ohne Ausnahmen, was auf den Verbindungsstrassen innerhalb der Gemeinde recht spannen wird und es wird wieder mal der arbeitenden Bevölkerung die Zeit gestohlen.</p>
<p><strong>Unser Ansatz: örtlich</strong><br />
angepasste Lösungen statt Ideologischen Keulen. Und wenn etwas beschlossen wird, dann nur auf demokratischen Wegen!</p>
</div></section></p></div>
